{"id":125,"date":"2025-02-27T15:17:01","date_gmt":"2025-02-27T15:17:01","guid":{"rendered":"https:\/\/www.diangelo.com.ar\/web\/?page_id=125"},"modified":"2025-08-05T13:04:01","modified_gmt":"2025-08-05T13:04:01","slug":"e-book","status":"publish","type":"page","link":"https:\/\/www.diangelo.com.ar\/web\/e-book\/","title":{"rendered":"E-book sobre temas legales"},"content":{"rendered":"\n<h5 class=\"wp-block-heading has-dark-color has-text-color has-link-color wp-elements-69b235237651746994b84793429c8c1b\">Me interesa generar informaci\u00f3n sobre estos temas tan delicados.<\/h5>\n\n\n\n<figure class=\"wp-block-image size-large has-custom-border\"><img fetchpriority=\"high\" decoding=\"async\" width=\"1009\" height=\"1024\" src=\"https:\/\/www.diangelo.com.ar\/web\/wp-content\/uploads\/2025\/02\/EBOOK-1009x1024.jpg\" alt=\"E-book sobre temas legales\" class=\"wp-image-202\" style=\"border-radius:16px\" srcset=\"https:\/\/www.diangelo.com.ar\/web\/wp-content\/uploads\/2025\/02\/EBOOK-1009x1024.jpg 1009w, https:\/\/www.diangelo.com.ar\/web\/wp-content\/uploads\/2025\/02\/EBOOK-296x300.jpg 296w, https:\/\/www.diangelo.com.ar\/web\/wp-content\/uploads\/2025\/02\/EBOOK-768x780.jpg 768w, https:\/\/www.diangelo.com.ar\/web\/wp-content\/uploads\/2025\/02\/EBOOK-1513x1536.jpg 1513w, https:\/\/www.diangelo.com.ar\/web\/wp-content\/uploads\/2025\/02\/EBOOK-1170x1188.jpg 1170w, https:\/\/www.diangelo.com.ar\/web\/wp-content\/uploads\/2025\/02\/EBOOK.jpg 1860w\" sizes=\"(max-width: 1009px) 100vw, 1009px\" \/><\/figure>\n\n\n\n<p>Como resultado de muchos a\u00f1os de experiencia estoy trabajando en dos e-book de alto contenido pr\u00e1ctico y \u00a0lenguaje llano. Seguramente logre el entendimiento de todos, inclusive de aquellos sin conocimientos legales.<\/p>\n\n\n\n<p>Escrib\u00ed estos E-book sobre temas legales como <a href=\"http:\/\/Escrib\u00ed E-book sobre temas legales como Accidentes de tr\u00e1nsito, Accidentes en v\u00eda p\u00fablica, Da\u00f1os y Lesiones, Derecho deportivo en Argentina\">Accidentes de tr\u00e1nsito<\/a>, <a href=\"https:\/\/www.diangelo.com.ar\/web\/via-publica\/\">Accidentes en v\u00eda p\u00fablica<\/a>, <a href=\"https:\/\/www.diangelo.com.ar\/web\/derecho-deportivo\/\">Da\u00f1os y Lesiones, Derecho deportivo en Argentina<\/a>. Sigo en proceso de escritura ya que me interesa que lleguen a los lectores revisados y listos para aclarar dudas comunes.<\/p>\n\n\n\n<p>Es posible que lleguen a ustedes en el transcurso del a\u00f1o 2025. Mientras tanto les pido paciencia.<\/p>\n\n\n\n<p>Mientras pueden ver los reels y videos que subimos al Instagram con respuestas y comentarios sobre los temas que nos ocupan: <a href=\"https:\/\/www.instagram.com\/cristiandiangelo\/\">Estudio de Abogados en Argentina Cristian Di Angelo <\/a><\/p>\n","protected":false},"excerpt":{"rendered":"<p>Me interesa generar informaci\u00f3n sobre estos temas tan delicados. Como resultado de muchos a\u00f1os de experiencia estoy trabajando en dos e-book de alto contenido pr\u00e1ctico y \u00a0lenguaje llano. Seguramente logre el entendimiento de todos, inclusive de aquellos sin conocimientos legales. Escrib\u00ed estos E-book sobre temas legales como Accidentes de tr\u00e1nsito, Accidentes en v\u00eda p\u00fablica, Da\u00f1os [&hellip;]<\/p>\n","protected":false},"author":1,"featured_media":0,"parent":0,"menu_order":0,"comment_status":"closed","ping_status":"closed","template":"","meta":{"_joinchat":[],"footnotes":""},"class_list":["post-125","page","type-page","status-publish","hentry"],"yoast_head":"<!-- This site is optimized with the Yoast SEO plugin v27.4 - https:\/\/yoast.com\/product\/yoast-seo-wordpress\/ -->\n<title>E-book sobre temas legales &#187; Estudio Di Angelo<\/title>\n<meta name=\"description\" content=\"Escrib\u00ed E-book sobre temas legales como Accidentes de tr\u00e1nsito, Accidentes en v\u00eda p\u00fablica, Da\u00f1os y Lesiones, Derecho deportivo en Argentina\" \/>\n<meta name=\"robots\" content=\"index, follow, max-snippet:-1, max-image-preview:large, max-video-preview:-1\" \/>\n<link rel=\"canonical\" href=\"https:\/\/www.diangelo.com.ar\/web\/e-book\/\" \/>\n<meta property=\"og:locale\" content=\"es_ES\" \/>\n<meta property=\"og:type\" content=\"article\" \/>\n<meta property=\"og:title\" content=\"E-book sobre temas legales &#187; Estudio Di Angelo\" \/>\n<meta property=\"og:description\" content=\"Escrib\u00ed E-book sobre temas legales como Accidentes de tr\u00e1nsito, Accidentes en v\u00eda p\u00fablica, Da\u00f1os y Lesiones, Derecho deportivo en Argentina\" \/>\n<meta property=\"og:url\" content=\"https:\/\/www.diangelo.com.ar\/web\/e-book\/\" \/>\n<meta property=\"og:site_name\" content=\"Estudio Di Angelo\" \/>\n<meta property=\"article:modified_time\" content=\"2025-08-05T13:04:01+00:00\" \/>\n<meta property=\"og:image\" content=\"https:\/\/www.diangelo.com.ar\/web\/wp-content\/uploads\/2025\/02\/EBOOK.jpg\" \/>\n\t<meta property=\"og:image:width\" content=\"1860\" \/>\n\t<meta property=\"og:image:height\" content=\"1888\" \/>\n\t<meta property=\"og:image:type\" content=\"image\/jpeg\" \/>\n<meta name=\"twitter:card\" content=\"summary_large_image\" \/>\n<meta name=\"twitter:label1\" content=\"Tiempo de lectura\" \/>\n\t<meta name=\"twitter:data1\" content=\"1 minuto\" \/>\n<script type=\"application\/ld+json\" class=\"yoast-schema-graph\">{\"@context\":\"https:\\\/\\\/schema.org\",\"@graph\":[{\"@type\":\"WebPage\",\"@id\":\"https:\\\/\\\/www.diangelo.com.ar\\\/web\\\/e-book\\\/\",\"url\":\"https:\\\/\\\/www.diangelo.com.ar\\\/web\\\/e-book\\\/\",\"name\":\"E-book sobre temas legales &#187; Estudio Di Angelo\",\"isPartOf\":{\"@id\":\"https:\\\/\\\/www.diangelo.com.ar\\\/web\\\/#website\"},\"primaryImageOfPage\":{\"@id\":\"https:\\\/\\\/www.diangelo.com.ar\\\/web\\\/e-book\\\/#primaryimage\"},\"image\":{\"@id\":\"https:\\\/\\\/www.diangelo.com.ar\\\/web\\\/e-book\\\/#primaryimage\"},\"thumbnailUrl\":\"https:\\\/\\\/www.diangelo.com.ar\\\/web\\\/wp-content\\\/uploads\\\/2025\\\/02\\\/EBOOK-1009x1024.jpg\",\"datePublished\":\"2025-02-27T15:17:01+00:00\",\"dateModified\":\"2025-08-05T13:04:01+00:00\",\"description\":\"Escrib\u00ed E-book sobre temas legales como Accidentes de tr\u00e1nsito, Accidentes en v\u00eda p\u00fablica, Da\u00f1os y Lesiones, Derecho deportivo en Argentina\",\"breadcrumb\":{\"@id\":\"https:\\\/\\\/www.diangelo.com.ar\\\/web\\\/e-book\\\/#breadcrumb\"},\"inLanguage\":\"es\",\"potentialAction\":[{\"@type\":\"ReadAction\",\"target\":[\"https:\\\/\\\/www.diangelo.com.ar\\\/web\\\/e-book\\\/\"]}]},{\"@type\":\"ImageObject\",\"inLanguage\":\"es\",\"@id\":\"https:\\\/\\\/www.diangelo.com.ar\\\/web\\\/e-book\\\/#primaryimage\",\"url\":\"https:\\\/\\\/www.diangelo.com.ar\\\/web\\\/wp-content\\\/uploads\\\/2025\\\/02\\\/EBOOK.jpg\",\"contentUrl\":\"https:\\\/\\\/www.diangelo.com.ar\\\/web\\\/wp-content\\\/uploads\\\/2025\\\/02\\\/EBOOK.jpg\",\"width\":1860,\"height\":1888},{\"@type\":\"BreadcrumbList\",\"@id\":\"https:\\\/\\\/www.diangelo.com.ar\\\/web\\\/e-book\\\/#breadcrumb\",\"itemListElement\":[{\"@type\":\"ListItem\",\"position\":1,\"name\":\"Portada\",\"item\":\"https:\\\/\\\/www.diangelo.com.ar\\\/web\\\/\"},{\"@type\":\"ListItem\",\"position\":2,\"name\":\"E-book sobre temas legales\"}]},{\"@type\":\"WebSite\",\"@id\":\"https:\\\/\\\/www.diangelo.com.ar\\\/web\\\/#website\",\"url\":\"https:\\\/\\\/www.diangelo.com.ar\\\/web\\\/\",\"name\":\"Estudio Di Angelo\",\"description\":\"Abogados especialistas en accidentes da\u00f1os y derecho deportivo\",\"publisher\":{\"@id\":\"https:\\\/\\\/www.diangelo.com.ar\\\/web\\\/#\\\/schema\\\/person\\\/0d518b7eacd3749128aa4f0b13ad0880\"},\"alternateName\":\"Estudio de Abogados Di Angelo\",\"potentialAction\":[{\"@type\":\"SearchAction\",\"target\":{\"@type\":\"EntryPoint\",\"urlTemplate\":\"https:\\\/\\\/www.diangelo.com.ar\\\/web\\\/?s={search_term_string}\"},\"query-input\":{\"@type\":\"PropertyValueSpecification\",\"valueRequired\":true,\"valueName\":\"search_term_string\"}}],\"inLanguage\":\"es\"},{\"@type\":[\"Person\",\"Organization\"],\"@id\":\"https:\\\/\\\/www.diangelo.com.ar\\\/web\\\/#\\\/schema\\\/person\\\/0d518b7eacd3749128aa4f0b13ad0880\",\"name\":\"admin\",\"image\":{\"@type\":\"ImageObject\",\"inLanguage\":\"es\",\"@id\":\"https:\\\/\\\/www.diangelo.com.ar\\\/web\\\/wp-content\\\/uploads\\\/2025\\\/08\\\/cropped-icono-estudio-abogados.jpg\",\"url\":\"https:\\\/\\\/www.diangelo.com.ar\\\/web\\\/wp-content\\\/uploads\\\/2025\\\/08\\\/cropped-icono-estudio-abogados.jpg\",\"contentUrl\":\"https:\\\/\\\/www.diangelo.com.ar\\\/web\\\/wp-content\\\/uploads\\\/2025\\\/08\\\/cropped-icono-estudio-abogados.jpg\",\"width\":512,\"height\":512,\"caption\":\"admin\"},\"logo\":{\"@id\":\"https:\\\/\\\/www.diangelo.com.ar\\\/web\\\/wp-content\\\/uploads\\\/2025\\\/08\\\/cropped-icono-estudio-abogados.jpg\"},\"sameAs\":[\"https:\\\/\\\/www.diangelo.com.ar\\\/web\"]}]}<\/script>\n<!-- \/ Yoast SEO plugin. -->","yoast_head_json":{"title":"E-book sobre temas legales &#187; Estudio Di Angelo","description":"Escrib\u00ed E-book sobre temas legales como Accidentes de tr\u00e1nsito, Accidentes en v\u00eda p\u00fablica, Da\u00f1os y Lesiones, Derecho deportivo en Argentina","robots":{"index":"index","follow":"follow","max-snippet":"max-snippet:-1","max-image-preview":"max-image-preview:large","max-video-preview":"max-video-preview:-1"},"canonical":"https:\/\/www.diangelo.com.ar\/web\/e-book\/","og_locale":"es_ES","og_type":"article","og_title":"E-book sobre temas legales &#187; Estudio Di Angelo","og_description":"Escrib\u00ed E-book sobre temas legales como Accidentes de tr\u00e1nsito, Accidentes en v\u00eda p\u00fablica, Da\u00f1os y Lesiones, Derecho deportivo en Argentina","og_url":"https:\/\/www.diangelo.com.ar\/web\/e-book\/","og_site_name":"Estudio Di Angelo","article_modified_time":"2025-08-05T13:04:01+00:00","og_image":[{"width":1860,"height":1888,"url":"https:\/\/www.diangelo.com.ar\/web\/wp-content\/uploads\/2025\/02\/EBOOK.jpg","type":"image\/jpeg"}],"twitter_card":"summary_large_image","twitter_misc":{"Tiempo de lectura":"1 minuto"},"schema":{"@context":"https:\/\/schema.org","@graph":[{"@type":"WebPage","@id":"https:\/\/www.diangelo.com.ar\/web\/e-book\/","url":"https:\/\/www.diangelo.com.ar\/web\/e-book\/","name":"E-book sobre temas legales &#187; Estudio Di Angelo","isPartOf":{"@id":"https:\/\/www.diangelo.com.ar\/web\/#website"},"primaryImageOfPage":{"@id":"https:\/\/www.diangelo.com.ar\/web\/e-book\/#primaryimage"},"image":{"@id":"https:\/\/www.diangelo.com.ar\/web\/e-book\/#primaryimage"},"thumbnailUrl":"https:\/\/www.diangelo.com.ar\/web\/wp-content\/uploads\/2025\/02\/EBOOK-1009x1024.jpg","datePublished":"2025-02-27T15:17:01+00:00","dateModified":"2025-08-05T13:04:01+00:00","description":"Escrib\u00ed E-book sobre temas legales como Accidentes de tr\u00e1nsito, Accidentes en v\u00eda p\u00fablica, Da\u00f1os y Lesiones, Derecho deportivo en Argentina","breadcrumb":{"@id":"https:\/\/www.diangelo.com.ar\/web\/e-book\/#breadcrumb"},"inLanguage":"es","potentialAction":[{"@type":"ReadAction","target":["https:\/\/www.diangelo.com.ar\/web\/e-book\/"]}]},{"@type":"ImageObject","inLanguage":"es","@id":"https:\/\/www.diangelo.com.ar\/web\/e-book\/#primaryimage","url":"https:\/\/www.diangelo.com.ar\/web\/wp-content\/uploads\/2025\/02\/EBOOK.jpg","contentUrl":"https:\/\/www.diangelo.com.ar\/web\/wp-content\/uploads\/2025\/02\/EBOOK.jpg","width":1860,"height":1888},{"@type":"BreadcrumbList","@id":"https:\/\/www.diangelo.com.ar\/web\/e-book\/#breadcrumb","itemListElement":[{"@type":"ListItem","position":1,"name":"Portada","item":"https:\/\/www.diangelo.com.ar\/web\/"},{"@type":"ListItem","position":2,"name":"E-book sobre temas legales"}]},{"@type":"WebSite","@id":"https:\/\/www.diangelo.com.ar\/web\/#website","url":"https:\/\/www.diangelo.com.ar\/web\/","name":"Estudio Di Angelo","description":"Abogados especialistas en accidentes da\u00f1os y derecho deportivo","publisher":{"@id":"https:\/\/www.diangelo.com.ar\/web\/#\/schema\/person\/0d518b7eacd3749128aa4f0b13ad0880"},"alternateName":"Estudio de Abogados Di Angelo","potentialAction":[{"@type":"SearchAction","target":{"@type":"EntryPoint","urlTemplate":"https:\/\/www.diangelo.com.ar\/web\/?s={search_term_string}"},"query-input":{"@type":"PropertyValueSpecification","valueRequired":true,"valueName":"search_term_string"}}],"inLanguage":"es"},{"@type":["Person","Organization"],"@id":"https:\/\/www.diangelo.com.ar\/web\/#\/schema\/person\/0d518b7eacd3749128aa4f0b13ad0880","name":"admin","image":{"@type":"ImageObject","inLanguage":"es","@id":"https:\/\/www.diangelo.com.ar\/web\/wp-content\/uploads\/2025\/08\/cropped-icono-estudio-abogados.jpg","url":"https:\/\/www.diangelo.com.ar\/web\/wp-content\/uploads\/2025\/08\/cropped-icono-estudio-abogados.jpg","contentUrl":"https:\/\/www.diangelo.com.ar\/web\/wp-content\/uploads\/2025\/08\/cropped-icono-estudio-abogados.jpg","width":512,"height":512,"caption":"admin"},"logo":{"@id":"https:\/\/www.diangelo.com.ar\/web\/wp-content\/uploads\/2025\/08\/cropped-icono-estudio-abogados.jpg"},"sameAs":["https:\/\/www.diangelo.com.ar\/web"]}]}},"_links":{"self":[{"href":"https:\/\/www.diangelo.com.ar\/web\/wp-json\/wp\/v2\/pages\/125","targetHints":{"allow":["GET"]}}],"collection":[{"href":"https:\/\/www.diangelo.com.ar\/web\/wp-json\/wp\/v2\/pages"}],"about":[{"href":"https:\/\/www.diangelo.com.ar\/web\/wp-json\/wp\/v2\/types\/page"}],"author":[{"embeddable":true,"href":"https:\/\/www.diangelo.com.ar\/web\/wp-json\/wp\/v2\/users\/1"}],"replies":[{"embeddable":true,"href":"https:\/\/www.diangelo.com.ar\/web\/wp-json\/wp\/v2\/comments?post=125"}],"version-history":[{"count":5,"href":"https:\/\/www.diangelo.com.ar\/web\/wp-json\/wp\/v2\/pages\/125\/revisions"}],"predecessor-version":[{"id":286,"href":"https:\/\/www.diangelo.com.ar\/web\/wp-json\/wp\/v2\/pages\/125\/revisions\/286"}],"wp:attachment":[{"href":"https:\/\/www.diangelo.com.ar\/web\/wp-json\/wp\/v2\/media?parent=125"}],"curies":[{"name":"wp","href":"https:\/\/api.w.org\/{rel}","templated":true}]}}